{"id":204,"date":"2013-07-08T14:49:25","date_gmt":"2013-07-08T14:49:25","guid":{"rendered":"http:\/\/ahmeddavudoglu.com\/?page_id=204"},"modified":"2020-10-16T14:27:42","modified_gmt":"2020-10-16T14:27:42","slug":"medya","status":"publish","type":"page","link":"http:\/\/www.ahmeddavudoglu.com\/?page_id=204","title":{"rendered":"MEDYA"},"content":{"rendered":"<p>\u00dcLKE TV SABAH HABERLER\u0130<\/p>\n<p><iframe title=\"AHMED DAVUDO\u011eLU ANMA HABER\u0130\" frameborder=\"0\" width=\"640\" height=\"480\" src=\"https:\/\/www.dailymotion.com\/embed\/video\/x445bbo\" allowfullscreen allow=\"autoplay\"><\/iframe><\/p>\n<p>\u00dcLKE TV ANA HABER<\/p>\n<p><iframe title=\"B\u00fcy\u00fck \u0130slam Alimi Ahmed Davudo\u011flu An\u0131ld\u0131\" width=\"640\" height=\"480\" src=\"https:\/\/www.youtube.com\/embed\/lTwEOaoFVFk?feature=oembed\" frameborder=\"0\" allow=\"accelerometer; autoplay; clipboard-write; encrypted-media; gyroscope; picture-in-picture\" allowfullscreen><\/iframe><\/p>\n<p>TEK RUMEL\u0130 TV HABER<\/p>\n<p><iframe title=\"AHMED DAVUDO\u011eLU HOCA ANILDI TEK RUMEL\u0130 TV HABER\" width=\"640\" height=\"480\" src=\"https:\/\/www.youtube.com\/embed\/0hSdmVUuEH4?feature=oembed\" frameborder=\"0\" allow=\"accelerometer; autoplay; clipboard-write; encrypted-media; gyroscope; picture-in-picture\" allowfullscreen><\/iframe><\/p>\n<p><iframe title=\"DAVUDO\u011eLU&#039;NU YE\u011eEN\u0130, DO\u011eDU\u011eU TOPRAKLARDA ANDI\" width=\"640\" height=\"480\" src=\"https:\/\/www.youtube.com\/embed\/elXEQQiBN80?feature=oembed\" frameborder=\"0\" allow=\"accelerometer; autoplay; clipboard-write; encrypted-media; gyroscope; picture-in-picture\" allowfullscreen><\/iframe><\/p>\n<p>\u00dcLKE TV \u00dcLKEDE BUG\u00dcN<\/p>\n<p><iframe title=\"\u00dcLKE TV \u00dcLKEDE BUG\u00dcN PROGRAMI 12.03.2012\" width=\"640\" height=\"480\" src=\"https:\/\/www.youtube.com\/embed\/3dW2nVbHH5Q?feature=oembed\" frameborder=\"0\" allow=\"accelerometer; autoplay; clipboard-write; encrypted-media; gyroscope; picture-in-picture\" allowfullscreen><\/iframe><\/p>\n<p>K\u0130TAPLIK PROGRAMI<\/p>\n<p><iframe title=\"SELAMET YOLLARI - AHMED DAVUDO\u011eLU\" width=\"640\" height=\"480\" src=\"https:\/\/www.youtube.com\/embed\/Mbi3Kiy_O04?feature=oembed\" frameborder=\"0\" allow=\"accelerometer; autoplay; clipboard-write; encrypted-media; gyroscope; picture-in-picture\" allowfullscreen><\/iframe><\/p>\n","protected":false},"excerpt":{"rendered":"<p>\u00dcLKE TV SABAH HABERLER\u0130 \u00dcLKE TV ANA HABER TEK RUMEL\u0130 TV HABER \u00dcLKE TV \u00dcLKEDE BUG\u00dcN K\u0130TAPLIK PROGRAMI<\/p>\n","protected":false},"author":1,"featured_media":0,"parent":0,"menu_order":4,"comment_status":"open","ping_status":"open","template":"","meta":[],"_links":{"self":[{"href":"http:\/\/www.ahmeddavudoglu.com\/index.php?rest_route=\/wp\/v2\/pages\/204"}],"collection":[{"href":"http:\/\/www.ahmeddavudoglu.com\/index.php?rest_route=\/wp\/v2\/pages"}],"about":[{"href":"http:\/\/www.ahmeddavudoglu.com\/index.php?rest_route=\/wp\/v2\/types\/page"}],"author":[{"embeddable":true,"href":"http:\/\/www.ahmeddavudoglu.com\/index.php?rest_route=\/wp\/v2\/users\/1"}],"replies":[{"embeddable":true,"href":"http:\/\/www.ahmeddavudoglu.com\/index.php?rest_route=%2Fwp%2Fv2%2Fcomments&post=204"}],"version-history":[{"count":2,"href":"http:\/\/www.ahmeddavudoglu.com\/index.php?rest_route=\/wp\/v2\/pages\/204\/revisions"}],"predecessor-version":[{"id":403,"href":"http:\/\/www.ahmeddavudoglu.com\/index.php?rest_route=\/wp\/v2\/pages\/204\/revisions\/403"}],"wp:attachment":[{"href":"http:\/\/www.ahmeddavudoglu.com\/index.php?rest_route=%2Fwp%2Fv2%2Fmedia&parent=204"}],"curies":[{"name":"wp","href":"https:\/\/api.w.org\/{rel}","templated":true}]}}